{"id":763,"date":"2025-09-15T19:49:04","date_gmt":"2025-09-15T16:49:04","guid":{"rendered":"https:\/\/ewmhome.ro\/?post_type=product&#038;p=763"},"modified":"2026-04-02T17:43:55","modified_gmt":"2026-04-02T14:43:55","slug":"placa-decorativa-din-pvc-rigid-alb","status":"publish","type":"product","link":"https:\/\/ewmhome.ro\/?product=placa-decorativa-din-pvc-rigid-alb","title":{"rendered":"Placa decorativ\u0103 din PVC rigid alb"},"content":{"rendered":"<p>Specifica\u021bii tehnice<\/p>\n<p>Dimensiuni: 3 pl\u0103ci de 244 x 122 cm total 244&#215;366<\/p>\n<p>Grosime: 3 mm<\/p>\n<p>Material: PVC rigid, de \u00eenalt\u0103 calitate<\/p>\n<p>Montaj simplu cu adeziv sau silicon<\/p>\n<p>Rezistent\u00e3 excelent\u00e3 la ap\u00e3 si umezeal\u00e3<\/p>\n<p>\u00centre\u021binere facil\u0103 &#8211; se cur\u0103\u021b\u0103 u\u0219or cu o lavet\u0103 umed\u0103<\/p>\n<p>Recomandate pentru: b\u0103i, holuri, livinguri, birouri, spa\u021bii comerciale<\/p>\n","protected":false},"excerpt":{"rendered":"<p>Specifica\u021bii tehnice Dimensiuni: 3 pl\u0103ci de 244 x 122 cm total 244&#215;366 Grosime: 3 mm Material: PVC rigid, de \u00eenalt\u0103 calitate Montaj simplu cu adeziv sau silicon Rezistent\u00e3 excelent\u00e3 la ap\u00e3 si umezeal\u00e3 \u00centre\u021binere facil\u0103 &#8211; se cur\u0103\u021b\u0103 u\u0219or cu o lavet\u0103 umed\u0103 Recomandate pentru: b\u0103i, holuri, livinguri, birouri, spa\u021bii comerciale<\/p>\n","protected":false},"featured_media":828,"comment_status":"open","ping_status":"closed","template":"","meta":[],"product_brand":[],"product_cat":[26],"product_tag":[],"class_list":{"0":"post-763","1":"product","2":"type-product","3":"status-publish","4":"has-post-thumbnail","6":"product_cat-panouri-pvc","8":"first","9":"outofstock","10":"shipping-taxable","11":"purchasable","12":"product-type-simple"},"_links":{"self":[{"href":"https:\/\/ewmhome.ro\/index.php?rest_route=\/wp\/v2\/product\/763","targetHints":{"allow":["GET"]}}],"collection":[{"href":"https:\/\/ewmhome.ro\/index.php?rest_route=\/wp\/v2\/product"}],"about":[{"href":"https:\/\/ewmhome.ro\/index.php?rest_route=\/wp\/v2\/types\/product"}],"replies":[{"embeddable":true,"href":"https:\/\/ewmhome.ro\/index.php?rest_route=%2Fwp%2Fv2%2Fcomments&post=763"}],"wp:featuredmedia":[{"embeddable":true,"href":"https:\/\/ewmhome.ro\/index.php?rest_route=\/wp\/v2\/media\/828"}],"wp:attachment":[{"href":"https:\/\/ewmhome.ro\/index.php?rest_route=%2Fwp%2Fv2%2Fmedia&parent=763"}],"wp:term":[{"taxonomy":"product_brand","embeddable":true,"href":"https:\/\/ewmhome.ro\/index.php?rest_route=%2Fwp%2Fv2%2Fproduct_brand&post=763"},{"taxonomy":"product_cat","embeddable":true,"href":"https:\/\/ewmhome.ro\/index.php?rest_route=%2Fwp%2Fv2%2Fproduct_cat&post=763"},{"taxonomy":"product_tag","embeddable":true,"href":"https:\/\/ewmhome.ro\/index.php?rest_route=%2Fwp%2Fv2%2Fproduct_tag&post=763"}],"curies":[{"name":"wp","href":"https:\/\/api.w.org\/{rel}","templated":true}]}}