{"id":713,"date":"2025-08-23T17:00:47","date_gmt":"2025-08-23T14:00:47","guid":{"rendered":"https:\/\/ewmhome.ro\/?post_type=product&#038;p=713"},"modified":"2026-04-02T17:45:24","modified_gmt":"2026-04-02T14:45:24","slug":"panou-decorativ-3d","status":"publish","type":"product","link":"https:\/\/ewmhome.ro\/?product=panou-decorativ-3d","title":{"rendered":"Panou decorativ 3D PU"},"content":{"rendered":"<p class=\"p1\"><span class=\"s1\">Panou decorativ din Poliuretan (PU)<\/span><\/p>\n<p class=\"p1\"><span class=\"s2\">Panou decorativ 3D realizat din poliuretan de \u00eenalt\u0103 calitate. Este u\u0219or, rezistent \u0219i ofer\u0103 un aspect modern, potrivit pentru amenaj\u0103ri interioare\/exterioare elegante. Imita textura betonului, dar este mult mai practic \u2013 se monteaz\u0103 simplu, se \u00eentre\u021bine u\u0219or \u0219i este rezistent la umezeal\u0103 \u0219i \u0219ocuri mecanice.<\/span><\/p>\n<p class=\"p1\"><span class=\"s1\">Dimensiuni:<\/span><span class=\"s2\"> 120 x 60 cm (0,72 m\u00b2 per panou)<\/span><\/p>\n<p class=\"p1\"><span class=\"s1\">Material:<\/span><span class=\"s2\"> Poliuretan (PU) \u2013 dens \u0219i rezistent<\/span><\/p>\n<p class=\"p1\"><span class=\"s1\">Aspect:<\/span><span class=\"s2\"> Imita\u021bie beton \/ suprafa\u021b\u0103 decorativ\u0103 modern\u0103<\/span><\/p>\n","protected":false},"excerpt":{"rendered":"<p>Panou decorativ din Poliuretan (PU) Panou decorativ 3D realizat din poliuretan de \u00eenalt\u0103 calitate. Este u\u0219or, rezistent \u0219i ofer\u0103 un aspect modern, potrivit pentru amenaj\u0103ri interioare\/exterioare elegante. Imita textura betonului, dar este mult mai practic \u2013 se monteaz\u0103 simplu, se \u00eentre\u021bine u\u0219or \u0219i este rezistent la umezeal\u0103 \u0219i \u0219ocuri mecanice. Dimensiuni: 120 x 60 cm [&hellip;]<\/p>\n","protected":false},"featured_media":716,"comment_status":"open","ping_status":"closed","template":"","meta":[],"product_brand":[],"product_cat":[27],"product_tag":[],"class_list":{"0":"post-713","1":"product","2":"type-product","3":"status-publish","4":"has-post-thumbnail","6":"product_cat-panouri-decorative","8":"first","9":"instock","10":"sale","11":"shipping-taxable","12":"purchasable","13":"product-type-simple"},"_links":{"self":[{"href":"https:\/\/ewmhome.ro\/index.php?rest_route=\/wp\/v2\/product\/713","targetHints":{"allow":["GET"]}}],"collection":[{"href":"https:\/\/ewmhome.ro\/index.php?rest_route=\/wp\/v2\/product"}],"about":[{"href":"https:\/\/ewmhome.ro\/index.php?rest_route=\/wp\/v2\/types\/product"}],"replies":[{"embeddable":true,"href":"https:\/\/ewmhome.ro\/index.php?rest_route=%2Fwp%2Fv2%2Fcomments&post=713"}],"wp:featuredmedia":[{"embeddable":true,"href":"https:\/\/ewmhome.ro\/index.php?rest_route=\/wp\/v2\/media\/716"}],"wp:attachment":[{"href":"https:\/\/ewmhome.ro\/index.php?rest_route=%2Fwp%2Fv2%2Fmedia&parent=713"}],"wp:term":[{"taxonomy":"product_brand","embeddable":true,"href":"https:\/\/ewmhome.ro\/index.php?rest_route=%2Fwp%2Fv2%2Fproduct_brand&post=713"},{"taxonomy":"product_cat","embeddable":true,"href":"https:\/\/ewmhome.ro\/index.php?rest_route=%2Fwp%2Fv2%2Fproduct_cat&post=713"},{"taxonomy":"product_tag","embeddable":true,"href":"https:\/\/ewmhome.ro\/index.php?rest_route=%2Fwp%2Fv2%2Fproduct_tag&post=713"}],"curies":[{"name":"wp","href":"https:\/\/api.w.org\/{rel}","templated":true}]}}